{"id":32,"date":"2021-10-08T06:37:35","date_gmt":"2021-10-08T04:37:35","guid":{"rendered":"https:\/\/www.irlippok.de\/lortzingart\/?page_id=32"},"modified":"2025-12-23T10:55:39","modified_gmt":"2025-12-23T09:55:39","slug":"impressum","status":"publish","type":"page","link":"https:\/\/www.irlippok.de\/lortzingart\/impressum\/","title":{"rendered":"Impressum"},"content":{"rendered":"\n<h2 class=\"wp-block-heading\">Impressum<\/h2>\n\n\n\n<p>Das ist der Internetauftritt von Lortzing ART \/ Inge-Rose Lippok<\/p>\n\n\n\n<p><strong>Adresse:<\/strong><br>Inge-Rose Lippok, De-Haen-Platz 6,  30163 Hannover<br>fon: +49 (0)511 69 63 433<br>Email: info@irlippok.de<\/p>\n\n\n\n<p>Das Copyright f\u00fcr ver\u00f6ffentlichte, vom Autor selbst erstellte Objekte bleibt allein beim Autor der Seiten.<br>Eine Vervielf\u00e4ltigung oder Verwendung von Grafiken, Tondokumenten, Videosequenzen und Texten auch in anderen<br>elektronischen oder gedruckten Publikationen ist ohne ausdr\u00fcckliche Zustimmung des Autors nicht gestattet.<br><br>F\u00fcr alle Links dieser Domain &#8222;www.LortzingART.de&#8220; gilt: Die verantwortlichen Gestalter dieser Seite m\u00f6chten ausdr\u00fccklich betonen, dass sie keinerlei Einflu\u00df auf die Gestaltung und die Inhalte der gelinkten Seiten haben. Deshalb distanzieren wir uns hiermit ausdr\u00fccklich von allen Inhalten aller gelinkten Seiten auf dieser Homepage und machen uns ihre Inhalte nicht zueigen. Diese Erkl\u00e4rung gilt f\u00fcr alle auf dieser Site angebrachten Links, sowie Seiten, die durch Webringe aufgerufen werden oder G\u00e4stebucheintr\u00e4ge.<\/p>\n\n\n\n<p>Am 25. Mai 2018 trat die neue Europ\u00e4ische Datenschutz-Grundverordnung (EU-DSGVO) in Kraft und regelt die Verarbeitung personenbezogener Daten. Gerne m\u00f6chten wir Sie weiterhin \u00fcber unsere k\u00fcnstlerischen Aktivit\u00e4ten informieren. Ihre pers\u00f6nlichen Daten (Name, Email-Adresse) werden als Blindkopie (bcc) versandt. Niemand sieht eine andere als meine oder seine eigene Email-Adresse Ihre pers\u00f6nlichen Daten werden dabei ausschlie\u00dflich zu diesem Zweck gespeichert. Wir versichern Ihnen hiermit, dass wir diese nicht an Dritte weitergeben. Sollten Sie in Zukunft keine Veranstaltungseinladungen mehr erhalten wollen, senden Sie bitte eine E-Mail an kunst (at)irlipppok.de mit dem Betreff &#8222;Abmelden&#8220; und wir l\u00f6schen umgehend und nachhaltig Ihre vorhandenen Daten.<br><br>Wenn Sie unsere Informationen wie bisher erhalten m\u00f6chten, m\u00fcssen Sie nichts weiter unternehmen.<br>Wir w\u00fcrden uns freuen, mit Ihnen weiterhin in Kontakt zu bleiben.<\/p>\n","protected":false},"excerpt":{"rendered":"<p>Impressum Das ist der Internetauftritt von Lortzing ART \/ Inge-Rose Lippok Adresse:Inge-Rose Lippok, De-Haen-Platz 6, 30163 Hannoverfon: +49 (0)511 69 63 433Email: info@irlippok.de Das Copyright f\u00fcr ver\u00f6ffentlichte, vom Autor selbst erstellte Objekte bleibt allein beim Autor der Seiten.Eine Vervielf\u00e4ltigung oder Verwendung von Grafiken, Tondokumenten, Videosequenzen und Texten auch in anderenelektronischen oder gedruckten Publikationen ist ohne&hellip; <a class=\"more-link\" href=\"https:\/\/www.irlippok.de\/lortzingart\/impressum\/\"><span class=\"screen-reader-text\">Impressum<\/span> weiterlesen<\/a><\/p>\n","protected":false},"author":1,"featured_media":0,"parent":0,"menu_order":0,"comment_status":"closed","ping_status":"closed","template":"","meta":{"footnotes":""},"class_list":["post-32","page","type-page","status-publish","hentry","entry"],"_links":{"self":[{"href":"https:\/\/www.irlippok.de\/lortzingart\/wp-json\/wp\/v2\/pages\/32","targetHints":{"allow":["GET"]}}],"collection":[{"href":"https:\/\/www.irlippok.de\/lortzingart\/wp-json\/wp\/v2\/pages"}],"about":[{"href":"https:\/\/www.irlippok.de\/lortzingart\/wp-json\/wp\/v2\/types\/page"}],"author":[{"embeddable":true,"href":"https:\/\/www.irlippok.de\/lortzingart\/wp-json\/wp\/v2\/users\/1"}],"replies":[{"embeddable":true,"href":"https:\/\/www.irlippok.de\/lortzingart\/wp-json\/wp\/v2\/comments?post=32"}],"version-history":[{"count":4,"href":"https:\/\/www.irlippok.de\/lortzingart\/wp-json\/wp\/v2\/pages\/32\/revisions"}],"predecessor-version":[{"id":1296,"href":"https:\/\/www.irlippok.de\/lortzingart\/wp-json\/wp\/v2\/pages\/32\/revisions\/1296"}],"wp:attachment":[{"href":"https:\/\/www.irlippok.de\/lortzingart\/wp-json\/wp\/v2\/media?parent=32"}],"curies":[{"name":"wp","href":"https:\/\/api.w.org\/{rel}","templated":true}]}}